*(-3490)/(-40) - (-1)/2. What is the tens digit of i/3*((-14)/(-4))/(-1)?
0
Let x = 265 - 251. Suppose -d = -4*v + 1153, x = 5*d - 1. What is the tens digit of v?
8
Let r(i) = i**3 - 12*i**2 + 22*i - 18. Let x be r(10). Let n(h) = -22*h + 25 + 8*h + 7*h - h**x + 16*h. What is the units digit of n(11)?
3
Let n(i) = i**2 - 21*i - 153. What is the hundreds digit of n(54)?
6
Suppose -367 = 4*t - 1447. Suppose q + 19*o - 15*o = -114, -2*q - 261 = -3*o. Let p = t + q. What is the hundreds digit of p?
1
What is the thousands digit of -12 - (-23)/((-529)/(-236348))?
0
Let u be (-8)/48*-2*366/2. Suppose -y + 11 + u = 0. Suppose -67 = -o + y. What is the units digit of o?
9
Let j(u) = u**3 + 20*u**2 - 19*u - 37. Let n be j(-20). Let r = 709 - n. Suppose 5*b + 5*d - 465 = 0, 0*b + 2*d = 4*b - r. What is the tens digit of b?
9
Let i be (-33 - -27)/((-2)/13). Suppose -8 = -38*n + i*n. What is the units digit of 633/((-6)/n*4)?
1
Suppose -30*h = -29*h - 12723. What is the units digit of h?
3
Suppose 0 = -f - 2 + 4. Suppose 0*d + 99 = -5*n - d, -5*n + f*d = 87. Let m = 69 - n. What is the units digit of m?
8
Let h = -1596 + 3462. What is the thousands digit of h?
1
Suppose 2595 = -20*c + 9495. Let z = -298 + c. What is the units digit of z?
7
Suppose -12*f + 50876 = y - 11*f, y + 3*f - 50888 = 0. What is the thousands digit of y?
0
Let q = -46 + 21. Let p = 43 + q. Let x = p - 12. What is the units digit of x?
6
Let y be (1 + (-2)/3)*3. Let d(q) = 12*q**3 - 2*q - 11 + 5 + q + 5 + 3*q**2. What is the tens digit of d(y)?
1
Let c be 429 + (7 + (-7)/1)/(-1). Suppose v = -2*f - 7, -3*v - 2*v = f - 10. Suppose v*m - c = g - 91, m + g = 114. What is the tens digit of m?
1
Let s(z) = -284*z + 348. Let i = -745 + 739. What is the tens digit of s(i)?
5
Suppose 1580 = -10*g + 5750. Let o = g - 363. What is the tens digit of o?
5
Let f(l) = 1043*l**2 + 250*l - 739. What is the thousands digit of f(3)?
9
Let b be ((-5)/(-5))/(-3*3/(-7461)). Suppose 829 = u - 5*g, -u = 17*g - 12*g - b. What is the hundreds digit of u?
8
Suppose -4*k - f + 68 = -26, 3*k - f = 74. Suppose k*q = 32*q - 168. Suppose 0 = 19*c - q*c + 332. What is the hundreds digit of c?
1
Let i(f) = f**2 + 10*f - 37. Let g be i(-13). Suppose 0 = -g*h + 22 + 2. Suppose 0 = -3*x - h*x + 2160. What is the units digit of x?
4
Suppose 5*f - 140 = 40. Suppose 2*d - f = -4*d. What is the tens digit of ((-3)/d*0)/1 + 31?
3
Suppose 3*h = 6*j - 3*j + 108, -5*j - 180 = -2*h. Let w be (1 - -196) + j/(-18). Let f = w - 51. What is the tens digit of f?
4
Suppose 4*v - 330566 = -5*i, 335725 = 4*i + 4*v + 71265. What is the thousands digit of i?
6
Let l(z) = -5831*z - 1407. What is the hundreds digit of l(-2)?
2
Let z(x) = -38*x - 64. Let m = -53 - -42. What is the hundreds digit of z(m)?
3
What is the hundreds digit of (60/9 + -6)*(-12759)/(-2) + 9?
2
Let n(p) = -p**3 + p**2 - 117*p + 34552. What is the thousands digit of n(0)?
4
Let c = -137 + 139. Let t(b) = -6*b**2 + b + 28*b**c - 10*b - 5 + 0. What is the hundreds digit of t(-2)?
1
Suppose -158*v + 140*v - 14189 = -214925. What is the hundreds digit of v?
1
Let n(r) = r**3 - 25*r**2 - 18*r. Let o be n(26). Let f = -39 + o. What is the hundreds digit of f?
1
Let h(k) = 155*k**3 + 2*k**2 - 58*k + 194. What is the tens digit of h(4)?
1
Let w = 6599 + -1045. What is the tens digit of w?
5
Let v(w) = -2*w + 1. Let m be v(-2). Let g be m + -2*(2 - 1). Suppose -546 = -3*x - g*x. What is the units digit of x?
1
Let z(b) be the first derivative of b**2/2 + 48*b + 17. Let t be z(-20). Suppose -x - f = -t, -137 = -5*x - 3*f - f. What is the units digit of x?
5
Suppose 0 = 78*v + 8*v + 796931 - 3862917. What is the tens digit of v?
5
Let z = -288 + 258. Let l = 429 + z. What is the tens digit of l?
9
Let l(r) = 2*r**3 + 135*r**2 + 97*r - 109. What is the hundreds digit of l(-66)?
5
Let p(b) = -b**3 + 21*b**2 + 78*b - 75. What is the hundreds digit of p(22)?
1
Suppose 134 - 149 = 3*t. What is the hundreds digit of 7 - (-1052 + t + 10)?
0
Suppose -6*t = -4*t - 228. Let b be -32 + 0 + 2 + 0 + 0. Let p = t - b. What is the tens digit of p?
4
Suppose 5*q + 4*p = 346 - 113, 2*p = -6. Suppose 5*s = q + 81. Suppose -r + 12 = -s. What is the tens digit of r?
3
Suppose -2*b - 2131 = -5*r, -2*r + 4*b = -0*r - 862. Suppose 2*w - 340 = -2*w - g, -5*w - 3*g = -r. What is the units digit of w?
5
Let w(i) be the first derivative of -i**4/2 + 18*i**3 - 17*i**2 - 21*i - 64. What is the tens digit of w(26)?
4
Suppose -971*u + 651261 = -932*u. What is the tens digit of u?
9
Let y = 100 + -94. What is the units digit of (3629/(-57))/((-1)/y)?
2
Let l = -154022 - -216543. What is the hundreds digit of l?
5
Let m = 107 - 87. Suppose 7*y + m = 9*y. Suppose -y*p + 4*p + 348 = 0. What is the units digit of p?
8
Let p = -386 + 391. Suppose -5*n + 3325 = 5*o, -4*n - 3311 = -p*o - 2*n. What is the tens digit of o?
6
Let f(q) = -q**3 + q**2 + 2*q. Let l(a) = -6*a**3 + 38*a**2 - a + 82. Let g(u) = 5*f(u) - l(u). What is the units digit of g(33)?
1
Suppose 15*a - 20*a + g = -36944, 3*g + 12 = 0. What is the units digit of a?
8
What is the tens digit of -3 - ((-3)/10 - 202524/120)?
8
Let t(q) = q**3 + 46*q**2 - 419*q + 111. What is the units digit of t(-47)?
5
Let o be -5 + 9/(-12) + (-74104)/(-32). Let b = o + -1559. What is the tens digit of b?
5
Suppose -30*f + 25*f + 311 = 2*r, 0 = f + r - 61. What is the units digit of f?
3
Suppose 0 = 8*j - 31766 + 7830. Suppose 0*b + 4*y + 2994 = 2*b, 0 = 2*b - 5*y - j. What is the thousands digit of b?
1
Let h be 51/34 + 95/2*-1. What is the hundreds digit of 2729/4 - h/(-184)?
6
Let t be 56/(-10)*(-105)/(-6). Let k = -7 - t. What is the tens digit of k?
9
Suppose 0 = 47*x + 156*x - 7810425. What is the units digit of x?
5
Let o(s) = -7*s**3 + 355*s**2 - 71*s + 119. What is the hundreds digit of o(49)?
4
Let z = -75 + 87. Suppose 0 = -z*v + 7*v + 25. Suppose -4*d - m + 344 = 0, -v*d + 7*d + 3*m - 172 = 0. What is the units digit of d?
6
What is the units digit of (-789305)/(-275)*(0 - -15)?
3
Let x(n) = n**3 - 10*n**2 + 16*n + 5. Let c = 27 - 19. Let p be x(c). What is the units digit of (-107)/(-4)*(p + -1)?
7
Let o(x) = 415*x + 4384. Let k be o(-10). Suppose 0 = 4*z + y - 620, -z + 108 = -2*y - 56. Let s = k - z. What is the tens digit of s?
7
Let v(z) = 10*z**2 - 202*z - 713. What is the units digit of v(-47)?
1
Let l(t) = 1727*t**2 + 29*t + 26. What is the thousands digit of l(-3)?
5
Let w be (-2)/(-12) - 25/(-30). Let z be 0 + -1 + -44 + w. Let i = z + 93. What is the tens digit of i?
4
Suppose 25 = 2*g + 17. Let m be g + 3*-1*(1 + 0). Let b = 24 - m. What is the tens digit of b?
2
Let c(k) = -9*k - 93. Let r be c(-9). What is the units digit of ((-128)/r)/(-4)*(-774)/24?
6
Suppose 0 = -18*u + 15*u + 6. Let g be (3 - (-8)/u)*1 - 3. Let y(c) = 6*c**2 - 9*c + 13. What is the units digit of y(g)?
3
Let z(j) = j**3 - 5*j**2 - 12*j + 6. Let t be z(7). Suppose -4*d + t = 196. Let l = 51 + d. What is the units digit of l?
7
Suppose 248 = -14*d + 45*d. Suppose 739 + 2677 = d*b. What is the tens digit of b?
2
Let l(u) = 11*u**2 + 6*u - 8. Let n be 2 + -1 - (10 - 4 - 9). What is the hundreds digit of l(n)?
1
Let p(b) = -1168*b**3 + 112*b**2 + 2*b + 3. What is the hundreds digit of p(-3)?
5
Let u be 24/(-28) - (-306)/63. Suppose -3*b = 2*x - 1798, u*x + 3 = -1. What is the tens digit of b?
0
Let d be ((-128)/(-14) - 10)/((-2)/2198). Suppose 0 = -3*a + d + 2097. What is the thousands digit of a?
1
Suppose -15*k + 17226 - 351 = 0. Let y = k + -673. What is the units digit of y?
2
Let h = 8549 - 8498. Let a = 45 - 20. Let y = h + a. What is the units digit of y?
6
What is the ten thousands digit of (156378/(-9))/(18 - 952/51)?
2
Let c(j) = 471*j**3 - 6*j**2 + 82*j - 206. What is the ten thousands digit of c(3)?
1
Suppose 28 = 3*u - 2*a - 2*a, -12 = -u + 2*a. Suppose -u*f + 5 + 11 = 0. Suppose 2*p + 4 - 58 = -2*h, 5*p - f*h = 171. What is the units digit of p?
1
Let n(y) = 47*y**2 + 79*y + 12. What is the thousands digit of n(-21)?
9
Let i(v) = -v**3 + 2*v**2 - 2*v. Let j be i(2). Let q = -5150 + 5153. What is the tens digit of j/6 + (q - (-64)/6)?
1
Let n(z) = -11*z - 7. Let r(a) be the third derivative of -a**5/10 - a**3/6 + 15*a**2. Let l be r(1). What is the tens digit of n